se
Is 422203 composite?
False
Is 53813 composite?
False
Is 467773 composite?
False
Is 11401 composite?
True
Is 180463 prime?
True
Is 51631 a prime number?
True
Is 419 composite?
False
Is 3587 composite?
True
Is 3593 composite?
False
Is 17711 a composite number?
True
Is 33377 a composite number?
False
Is 328433 composite?
True
Is 701507 a prime number?
True
Is 6245 prime?
False
Is 1937513 a prime number?
True
Is 9589 a composite number?
True
Is 4105 a composite number?
True
Is 29261 a prime number?
False
Is 96727 a prime number?
False
Is 17837 prime?
True
Is 1119901 composite?
True
Is 212501 a composite number?
False
Is 93363 composite?
True
Is 11801 a composite number?
False
Is 31207 prime?
False
Is 147079 a prime number?
False
Is 32137 prime?
False
Is 35879 prime?
True
Is 115571 a composite number?
False
Is 52859 composite?
False
Is 140843 a composite number?
True
Is 286835 composite?
True
Is 330329 prime?
True
Is 155315 prime?
False
Is 31019 prime?
True
Is 395953 a composite number?
False
Is 12071 a composite number?
False
Is 42095 composite?
True
Is 326437 a prime number?
True
Is 150037 a composite number?
True
Is 52661 a composite number?
True
Is 3166 prime?
False
Is 54251 composite?
False
Is 4831 a composite number?
False
Is 387935 prime?
False
Is 112837 prime?
False
Is 1273 a prime number?
False
Is 35135 a prime number?
False
Is 48931 a prime number?
False
Is 303983 prime?
True
Is 4201 composite?
False
Is 10453 prime?
True
Is 20199 a composite number?
True
Is 9895 prime?
False
Is 11107693 composite?
False
Is 709 composite?
False
Is 7181 a prime number?
False
Is 21713 a composite number?
False
Is 21403 composite?
True
Is 217771 a composite number?
False
Is 74147 a prime number?
False
Is 109559 prime?
False
Is 17011 prime?
True
Is 5723 a composite number?
True
Is 4441 composite?
False
Is 20761 a composite number?
True
Is 97521 a prime number?
False
Is 1292609 prime?
True
Is 3653 a composite number?
True
Is 951 a prime number?
False
Is 3737 a prime number?
False
Is 781535 prime?
False
Is 6863 prime?
True
Is 17669 a prime number?
True
Is 107662 a prime number?
False
Is 22298 a prime number?
False
Is 337741 composite?
False
Is 7051 composite?
True
Is 23093 prime?
False
Is 6742 prime?
False
Is 12655 a composite number?
True
Is 37229 prime?
False
Is 128959 a prime number?
True
Is 79259 prime?
True
Is 9533 a prime number?
True
Is 663061 prime?
False
Is 101219 a prime number?
False
Is 18301 a composite number?
False
Is 27179 a composite number?
False
Is 5057239 composite?
True
Is 545 prime?
False
Is 89437 a composite number?
True
Is 98491 composite?
False
Is 153941 a composite number?
False
Is 1110041 prime?
True
Is 298021 composite?
False
Is 1256727 a composite number?
True
Is 2611 a prime number?
False
Is 23383 a composite number?
True
Is 67 composite?
False
Is 2896049 a prime number?
False
Is 15767 prime?
True
Is 1939 prime?
False
Is 1491242 a composite number?
True
Is 4547419 prime?
True
Is 13927 composite?
True
Is 23393 composite?
True
Is 42281 prime?
True
Is 456643 a prime number?
False
Is 87553 a prime number?
True
Is 6779 a composite number?
False
Is 11177 a composite number?
False
Is 1817 prime?
False
Is 47899 prime?
False
Is 130457 a composite number?
False
Is 1379899 a prime number?
False
Is 4987 a prime number?
True
Is 1281649 prime?
True
Is 2467 prime?
True
Is 42979 prime?
True
Is 4271 a composite number?
False
Is 1977905 composite?
True
Is 188489 prime?
False
Is 171383 a prime number?
True
Is 2516851 a composite number?
True
Is 915991 a prime number?
True
Is 31561 composite?
True
Is 446221 a prime number?
True
Is 41585 a composite number?
True
Is 1543103 composite?
False
Is 4031 a prime number?
False
Is 902461 a prime number?
False
Is 4379 a prime number?
False
Is 817603 a composite number?
False
Is 353777 a composite number?
False
Is 87827 a composite number?
True
Is 2638717 a composite number?
False
Is 187849 a prime number?
False
Is 14765 a composite number?
True
Is 3574757 a prime number?
True
Is 17957 a composite number?
False
Is 89477 a composite number?
False
Is 7103 prime?
True
Is 260317 composite?
False
Is 1785049 a composite number?
True
Is 66029 composite?
False
Is 839 a prime number?
True
Is 118117 a prime number?
False
Is 58309 prime?
True
Is 12417 composite?
True
Is 3449 a composite number?
False
Is 1308479 a composite number?
True
Is 369553 a composite number?
False
Is 71447 a composite number?
True
Is 126839 composite?
False
Is 408817 composite?
False
Is 12199 composite?
True
Is 4751 a prime number?
True
Is 75781 prime?
True
Is 110557 a prime number?
True
Is 1343 composite?
True
Is 32749 a prime number?
True
Is 81541 a prime number?
False
Is 7846537 a prime number?
False
Is 1944955 a prime number?
False
Is 5702 a composite number?
True
Is 20873 a prime number?
True
Is 307451 prime?
True
Is 2362 prime?
False
Is 860537 a prime number?
False
Is 41711 composite?
True
Is 27127 a prime number?
True
Is 611981 prime?
False
Is 137719 a prime number?
False
Is 1022267 a prime number?
False
Is 904538 composite?
True
Is 19571 a composite number?
False
Is 164279 prime?
True
Is 9271 a composite number?
True
Is 202409 a prime number?
True
Is 1168031 a composite number?
False
Is 110051 a composite number?
False
Is 15769 prime?
False
Is 1031 a composite number?
False
Is 91013 a composite number?
True
Is 2707 a prime number?
True
Is 7519 prime?
False
Is 1465 a prime number?
False
Is 206779 composite?
False
Is 15439 a composite number?
False
Is 157393 a composite number?
False
Is 65951 prime?
True
Is 3979 a composite number?
True
Is 477521 composite?
True
Is 55 a composite number?
True
Is 833749 a prime number?
False
Is 14078 prime?
False
Is 150139 a prime number?
False
Is 660409 a prime number?
True
Is 126653 prime?
True
Is 51265 a composite number?
True
Is 132019 prime?
True
Is 1983587 prime?
True
Is 3109 a composite number?
False
Is 124129 composite?
True
Is 112151 prime?
False
Is 59879 prime?
True
Is 23801 a prime number?
True
Is 899 prime?
False
Is 364351 a composite number?
True
Is 16361 prime?
True
Is 675586 prime?
False
Is 41315 prime?
False
Is 32117 prime?
True
Is 1151 composite?
False
Is 202789 a prime number?
False
Is 92047 a prime number?
False
Is 20651 a prime number?
False
Is 135743 a composite number?
False
Is 8209 prime?
True
Is 8997 a prime number?
False
Is 578441 a prime number?
True
Is 2503 prime?
True
Is 109379 composite?
False
Is 38797 a prime number?
False
Is 1453753 prime?
False
Is 157555 prime?
False
Is 42101 a prime number?
True
Is 1061 composite?
False
Is 119 prime?
False
Is 9329 composite?
True
Is 13463 a composite number?
False
Is 103777 composite?
True
Is 2511779 a composite number?
False
Is 362443 composite?
False
Is 125453 a composite number?
False
Is 698413 prime?
True
Is 2586263 a prime number?
False
Is 13751 a prime number?
True
Is 31877 prime?
False
Is 11393 composite?
False
Is 153635 prime?
False
Is 3151 composite?
True
Is 20491 composite?
True
Is 27611 composite?
False
Is 1397 a composite number?
True
Is 4471 a prime number?
False
Is 409 a prime number?
True
Is 16519 prime?
True
Is 3247 a composite number?
True
Is 255911 a composite number?
True
Is 7067 a composite number?
True
Is 12323 composite?
False
Is 38197 composite?
False
Is 16999 prime?
False
Is 3911911 a prime number?
True
Is 19781 prime?
False
Is 53683 a prime number?
False
Is 1053521 a composite number?
True
Is 145703 prime?
True
Is 264289 a prime number?
True
Is 89753 prime?
True
Is 3271 a composite number?
False
Is 269239 composite?
True
Is 6769 composite?
True
Is 1871 a composite number?
False
Is 13811 prime?
False
Is 608151 composite?
True
Is 290737 a composite number?
False
Is 480566 prime?
False
Is 76343 a prime number?
True
Is 21341 composite?
False
Is 725817 composite?
True
Is 3607 composite?
False
Is 14969 prime?
True
Is 8501 composite?
False
Is 25559 a prime number?
False
Is 32197 prime?
False
Is 86155 a composite number?
True
Is 6247 prime?
True
Is 717259 a prime number?
True
Is 17341 a composite number?
False
Is 614609 a prime number?
True
Is 633 a prime number?
False
Is 25889 prime?
True
Is 79 a composite number?
False
Is 1746109 a prime number?
True
Is 1411 a composite number?
True
Is 3199709 composite?
False
Is 516983 p